de 3895?
True
Does 96 divide 1632?
True
Does 15 divide 62880?
True
Is 14 a factor of 33527?
False
Does 20 divide 1029?
False
Is 1731 a multiple of 24?
False
Is 27 a multiple of 15?
False
Does 38 divide 806?
False
Does 54 divide 12898?
False
Is 141 a factor of 9916?
False
Does 18 divide 1047?
False
Does 15 divide 5776?
False
Is 43 a factor of 3130?
False
Does 9 divide 1140?
False
Is 9849 a multiple of 67?
True
Does 3 divide 5551?
False
Does 81 divide 16362?
True
Is 791 a multiple of 11?
False
Does 110 divide 4020?
False
Is 6 a factor of 414?
True
Is 14 a factor of 14307?
False
Does 72 divide 2160?
True
Is 15 a factor of 1012?
False
Is 1214 a multiple of 18?
False
Is 32 a factor of 9504?
True
Does 6 divide 35254?
False
Is 178 a multiple of 24?
False
Is 1361 a multiple of 8?
False
Is 32285 a multiple of 60?
False
Is 3 a factor of 4713?
True
Is 16 a factor of 3307?
False
Does 26 divide 218?
False
Is 22 a factor of 447?
False
Does 19 divide 792?
False
Is 192 a multiple of 14?
False
Is 7368 a multiple of 8?
True
Is 40 a factor of 600?
True
Does 32 divide 512?
True
Is 678 a multiple of 3?
True
Does 125 divide 40625?
True
Is 83 a factor of 1976?
False
Is 9666 a multiple of 54?
True
Is 5 a factor of 244?
False
Is 34 a factor of 2626?
False
Is 16776 a multiple of 12?
True
Is 42 a factor of 856?
False
Is 540 a multiple of 27?
True
Is 27775 a multiple of 17?
False
Does 16 divide 347?
False
Is 5880 a multiple of 84?
True
Is 744 a multiple of 12?
True
Does 55 divide 7370?
True
Is 7 a factor of 2478?
True
Is 845 a multiple of 6?
False
Is 4 a factor of 297?
False
Is 57 a factor of 983?
False
Is 14 a factor of 30572?
False
Is 569 a multiple of 7?
False
Is 29400 a multiple of 98?
True
Is 7 a factor of 12156?
False
Is 12 a factor of 14184?
True
Is 16 a multiple of 16?
True
Is 23 a factor of 3424?
False
Is 7104 a multiple of 37?
True
Does 16 divide 9664?
True
Is 4424 a multiple of 27?
False
Is 3495 a multiple of 5?
True
Does 31 divide 801?
False
Is 2 a factor of 6542?
True
Is 5 a factor of 41?
False
Is 9 a factor of 524?
False
Is 64 a factor of 1984?
True
Does 23 divide 955?
False
Does 22 divide 532?
False
Is 18498 a multiple of 46?
False
Does 91 divide 72254?
True
Is 90 a multiple of 6?
True
Is 81 a factor of 9125?
False
Is 112 a multiple of 16?
True
Is 17 a factor of 345?
False
Is 65900 a multiple of 25?
True
Is 21 a factor of 3591?
True
Is 15 a factor of 555?
True
Is 56 a multiple of 6?
False
Does 35 divide 363?
False
Is 8 a factor of 4149?
False
Is 3 a factor of 109?
False
Is 1881 a multiple of 19?
True
Is 7 a factor of 6181?
True
Is 160 a multiple of 10?
True
Is 127 a factor of 50800?
True
Does 139 divide 40449?
True
Is 33 a factor of 7491?
True
Is 16 a factor of 272?
True
Does 6 divide 264?
True
Is 2534 a multiple of 17?
False
Is 1982 a multiple of 6?
False
Is 9 a factor of 1066?
False
Does 73 divide 32021?
False
Does 62 divide 619?
False
Is 1428 a multiple of 42?
True
Does 117 divide 54871?
False
Does 61 divide 348?
False
Is 18 a factor of 658?
False
Is 16065 a multiple of 35?
True
Does 36 divide 103?
False
Does 125 divide 2375?
True
Is 4692 a multiple of 11?
False
Does 5 divide 2635?
True
Is 52 a multiple of 11?
False
Is 78 a multiple of 6?
True
Is 33 a factor of 1254?
True
Does 30 divide 1758?
False
Is 12 a factor of 3997?
False
Is 17 a factor of 1377?
True
Is 9772 a multiple of 28?
True
Is 76670 a multiple of 41?
True
Is 10 a factor of 52190?
True
Is 86 a factor of 22446?
True
Does 131 divide 30392?
True
Does 131 divide 2563?
False
Does 66 divide 198?
True
Does 40 divide 1065?
False
Is 98 a factor of 9310?
True
Is 10983 a multiple of 65?
False
Is 103 a factor of 824?
True
Does 28 divide 7674?
False
Is 30 a factor of 74579?
False
Does 125 divide 7375?
True
Does 15 divide 18240?
True
Is 12414 a multiple of 12?
False
Is 6 a factor of 3498?
True
Does 94 divide 679?
False
Does 48 divide 1691?
False
Does 10 divide 6099?
False
Is 4 a factor of 37?
False
Is 58 a factor of 3654?
True
Does 79 divide 62963?
True
Does 88 divide 131120?
True
Is 5389 a multiple of 34?
False
Is 50440 a multiple of 52?
True
Is 265 a factor of 42135?
True
Does 48 divide 879?
False
Does 43 divide 10536?
False
Is 206 a factor of 54333?
False
Does 75 divide 29700?
True
Is 10 a factor of 2963?
False
Is 19305 a multiple of 117?
True
Is 18 a factor of 86112?
True
Is 374 a multiple of 6?
False
Is 5076 a multiple of 54?
True
Is 66865 a multiple of 196?
False
Is 816 a multiple of 6?
True
Is 660 a multiple of 10?
True
Does 42 divide 664?
False
Is 47 a factor of 4042?
True
Is 160299 a multiple of 9?
True
Is 37 a factor of 259?
True
Is 6417 a multiple of 93?
True
Is 65 a factor of 13351?
False
Is 255 a factor of 17198?
False
Is 1867 a multiple of 8?
False
Is 1440 a multiple of 8?
True
Is 1994 a multiple of 26?
False
Is 7 a factor of 154?
True
Is 12 a factor of 1869?
False
Is 702 a multiple of 4?
False
Is 12 a factor of 3240?
True
Does 13 divide 884?
True
Is 186 a factor of 10974?
True
Is 29795 a multiple of 101?
True
Is 20 a factor of 3449?
False
Is 49 a factor of 1617?
True
Is 2459 a multiple of 10?
False
Is 10 a factor of 1510?
True
Does 48 divide 1603?
False
Is 643 a multiple of 12?
False
Is 147 a factor of 8555?
False
Is 28 a factor of 209?
False
Is 26355 a multiple of 21?
True
Is 70 a factor of 26228?
False
Does 5 divide 3561?
False
Does 62 divide 8845?
False
Does 17 divide 6783?
True
Is 37211 a multiple of 6?
False
Does 81 divide 10542?
False
Is 5 a factor of 115?
True
Does 87 divide 4633?
False
Does 18 divide 3260?
False
Does 4 divide 329?
False
Is 341 a multiple of 3?
False
Is 345 a multiple of 69?
True
Is 690 a multiple of 138?
True
Is 28 a factor of 14312?
False
Is 10584 a multiple of 14?
True
Is 4771 a multiple of 5?
False
Does 52 divide 884?
True
Is 5732 a multiple of 179?
False
Is 11 a factor of 814?
True
Is 825 a multiple of 25?
True
Does 30 divide 8889?
False
Is 34 a multiple of 3?
False
Does 48 divide 20112?
True
Is 396 a multiple of 18?
True
Does 7 divide 22103?
False
Does 163 divide 178974?
True
Is 21 a factor of 157304?
False
Does 28 divide 952?
True
Is 197 a factor of 32715?
False
Is 15 a factor of 1041?
False
Does 22 divide 2728?
True
Is 5516 a multiple of 14?
True
Is 20 a factor of 15500?
True
Does 15 divide 868?
False
Is 411 a multiple of 21?
False
Is 1360 a multiple of 4?
True
Does 21 divide 9572?
False
Is 65 a factor of 16269?
False
Does 13 divide 28627?
False
Is 1846 a multiple of 142?
True
Is 41304 a multiple of 243?
False
Is 62 a factor of 39680?
True
Is 6750 a multiple of 10?
True
Is 72 a factor of 2448?
True
Is 57 a factor of 1106?
False
Is 2025 a multiple of 45?
True
Is 28324 a multiple of 97?
True
Is 204 a multiple of 53?
False
Does 5 divide 270?
True
Is 12 a factor of 21823?
False
Is 29358 a multiple of 9?
True
Does 22 divide 6352?
False
Does 15 divide 56175?
True
Is 13179 a multiple of 23?
True
Does 14 divide 1319?
False
Is 39 a factor of 1407?
False
Is 665 a multiple of 11?
False
Is 303 a multiple of 3?
True
Is 32 a factor of 34048?
True
Does 67 divide 536?
True
Does 12 divide 1698?
False
Is 1292 a multiple of 19?
True
Does 19 divide 3116?
True
Does 13 divide 1040?
True
Is 74449 a multiple of 8?
False
Does 10 divide 14490?
True
Does 14 divide 392?
True
Is 70 a multiple of 70?
True
Is 32 a factor of 1316?
False
Does 11 divide 11?
True
Is 314 a multiple of 5?
False
Is 13732 a multiple of 5?
False
Is 28 a factor of 891?
False
Does 41 divide 3403?
True
Does 14 divide 5977?
False
Does 18 divide 3361?
False
Does 5 divide 314?
False
Is 107 a factor of 28997?
True
Is 18 a factor of 2161?
False
Does 167 divide 39147?
False
Does 35 divide 245?
True
Is 53 a factor of 9275?
True
Is 54 a multiple of 18?
True
Does 484 divide 99094?
False
Is 850 a multiple of 17?
True
Does 6 divide 1926?
True
Does 22 divide 6270?
True
Is 46 a factor of 19263?
False
Does 29 divide 4806?
False
Does 18 divide 11214?
True
Is 20 a factor of 178?
False
Is 48166 a multiple of 23?
False
Is 1561 a multiple of 7?
True
Is 22 a factor of 26503?
False
Is 75 a factor of 1788?
False
Does 26 divide 4238?
True
Is 483 a multiple of 22?
False
Is 17 a factor of 189?
False
Does 33 divide 96171?
False
Is 2404 a multiple of 9?
False
Is 5753 a multiple of 7?
False
Does 4 divide 493?
False
Does 10 divide 2610?
True